ose -g*m + m - 8 = 0. Let s(b) = b**2 + b - 2. Calculate s(m).
10
Let o(k) = 4*k**3 - k**2 - 2*k - 1. Let q be (-1)/3 + 104/24. Let t(l) = -7*l - l - 7 - q*l - 7 + l**2. Let p be t(13). Determine o(p).
-4
Let h = 10 - 8. Let q(p) = 3 + 2*p**3 + 3*p**3 - h*p**3 - 4*p**3. Suppose -2*s = 3*s. What is q(s)?
3
Let u = -34 - -63. Let n = 16 - u. Let o = n - -10. Let x(h) = -h**3 - 4*h**2 + 2. Calculate x(o).
-7
Let u = 812 + -347. Let z(b) = 6*b - 2 - u*b**2 + 466*b**2 - 4. What is z(-6)?
-6
Suppose -4*v + 2*g = 20 + 6, 0 = 5*v - 4*g + 40. Let z(q) = q + 2. What is z(v)?
-2
Let j(k) = 2*k + 23. Suppose -10*w = -48 + 138. Determine j(w).
5
Let k = -13 + 16. Suppose p - k = -0. Let d(s) = s**2 - s + 1. Calculate d(p).
7
Let b(c) be the first derivative of -c**3/3 - 5*c**2/2 - 2*c - 1. Suppose -j + i = 3*i + 13, 5*i - 5 = 5*j. Let t = 1 + j. Calculate b(t).
2
Suppose 2*l = 2*b - 0*l - 24, 3*l + 22 = b. Let w(o) = 0*o - b*o**3 - 1 + 3*o + o**2 - 3*o. Let g be w(-1). Let y(a) = a - 17. What is y(g)?
-10
Let w(j) = -j**2 + 2*j + 6. Let h be w(0). Let s(f) = -f**3 + 7*f**2 - 8*f - 6. Give s(h).
-18
Suppose 108 = -6*l - 540. Let d = -109 - l. Let i(o) = 21*o**2 - o - 1. What is i(d)?
21
Let c(q) = 6*q - 6 - 35*q + 30*q. Let n = 21 - 14. What is c(n)?
1
Suppose 0*b + 215 = 5*c - b, 0 = 4*c - 5*b - 172. Suppose v = c - 14. Let s = v - 27. Let m(r) = -3*r - 2. Give m(s).
-8
Let i(x) be the third derivative of -x**6/120 - x**5/10 - x**4/4 - x**3/6 - 5*x**2 + 1. What is i(-4)?
-9
Let z(m) = m**3 + 2*m - 4. Suppose 2 + 10 = -2*l + 2*w, l - 6 = -3*w. Determine z(l).
-37
Let m(u) = 2*u**3 - u**2 + 2*u - 1. Let n(v) = -v**3 + 2*v**2 - 6*v + 2. Let i be n(0). Determine m(i).
15
Let q be 1/4 - 15/12. Let w be 1/(q/3) + 2. Let o(x) = -8*x**2 - x. What is o(w)?
-7
Let j(o) = o**3 + 7*o**2 + 3*o - 10. Let p = -203 + 197. What is j(p)?
8
Suppose 4*z + 195 - 223 = 0. Let b(p) be the first derivative of -p**2/2 + 10*p - 1. Let d be b(z). Let m(s) = -s**2 + 3*s - 4. Give m(d).
-4
Let f = -687 - -686. Let q(n) = -67*n**2 - n. What is q(f)?
-66
Let j(w) = -w**2 + 8*w + 6. Let b be j(9). Let o = b - -6. Let l(r) = -r - o - 5 + r**2 + 7. What is l(-1)?
1
Suppose 24 - 84 = 10*w. Let v(n) = 6*n + 7. Determine v(w).
-29
Let o(b) = 7*b + 11. Let a(l) = -3*l - 1. Let j(g) = 3*g + 2. Let f(x) = 3*a(x) + 4*j(x). Let k(c) = 9*f(c) - 4*o(c). Calculate k(2).
-1
Let s(y) be the first derivative of y**4/4 - y**3 - 2*y - 31. Give s(2).
-6
Let r(y) = -y**2 - 7*y + 7. Let z be r(-7). Let q = z - 1. Suppose -2*f = f - q. Let b(g) = 3*g + 2. Give b(f).
8
Let n(a) = -11*a - 20 - 33 - a**2 - 11*a. Let d be n(-19). Let r(m) = -2*m**2 + 5*m + 3. Give r(d).
-9
Suppose 2 = 4*w - 2. Let f = 131 + -128. Let y(j) = -2*j**3 - j**3 - 138 + 2*j**f - j**2 + 139. Determine y(w).
-1
Let f(w) be the third derivative of -w**5/60 + w**4/8 + 7*w**3/6 - 17*w**2. Suppose 15 = 2*p + p. What is f(p)?
-3
Suppose -2*o + 13 = -3. Let l be -5 + ((-2)/o - 2/(-8)). Let n(k) = -k**2 + 4. Give n(l).
-21
Let v(s) = -4*s**3 - 2*s**2 - 3. Suppose -j + 11 = -4. Suppose j = -0*l - 5*l. Let z(u) = 5*u**3 + 2*u**2 + u + 4. Let t(k) = l*z(k) - 4*v(k). Give t(2).
10
Suppose q + 0*q + 2*m + 8 = 0, -29 = -2*q + 5*m. Let b(r) = -5 + 12*r**q + 12*r**2 - 25*r**2 + 9*r. What is b(8)?
3
Let z(k) = -k + 8. Let m = 318 - 325. Determine z(m).
15
Let r(f) be the first derivative of 8*f**3/3 - 6*f**2 - 5*f - 43. Let d(j) = 2*j**2 - 3*j - 1. Let h(m) = 9*d(m) - 2*r(m). What is h(3)?
10
Let p(y) be the third derivative of y**4/12 + y**3/6 + y**2. Suppose 101 - 317 = -8*q. Let g be q/45 + ((-48)/(-10))/(-3). What is p(g)?
-1
Suppose -z + 6*z = -20. Let m = -9 - z. Let p(y) be the third derivative of y**6/120 + y**5/10 + y**4/4 - y**3/3 + 6*y**2. What is p(m)?
-7
Let y(k) = 1 + 12 - 4 - 3*k - 3*k - k**2. Let n(d) = d**2 + 6*d - 8. Let q(w) = -7*n(w) - 6*y(w). Determine q(-6).
2
Let n = -56 - -59. Let j be ((-14)/n)/((-14)/(-21)) - 0. Let p(z) = -z**2 - 8*z - 5. Give p(j).
2
Suppose b = 3 - 1. Let p(d) = 4 - 5 + b + 2 + d. Calculate p(4).
7
Suppose -2*l = -l - 20. Let u = l - 23. Let i(y) = 11*y**2 + 4*y + 13. Let q(g) = -5*g**2 - 2*g - 6. Let m(n) = -6*i(n) - 13*q(n). Give m(u).
-15
Let l(n) = 10*n**2 + 2*n**2 - 2*n**2 - 11*n**2 - 5*n + 22*n + 15. Calculate l(18).
-3
Let c = -11 + 3. Let b(d) = -29*d**3 + 14*d**2 + d - 6. Let w(n) = 5*n**3 - n**2 + 1. Let z(s) = -b(s) - 6*w(s). What is z(c)?
8
Let w(k) = 3*k. Let q(s) = 11*s - 3. Let g(h) = -q(h) + 4*w(h). Let a be 5/(0 + 3 + -2). What is g(a)?
8
Suppose 0 = 25*d + 48 + 2. Let x(g) = -15*g - 2. Calculate x(d).
28
Let g(u) = -u**3 + 3*u**2 - 2. Let i(d) = 2 - 4*d**3 + 9*d**2 - 8*d**2 - 3*d**2 + 5*d**3. Let h(x) = 7*g(x) + 6*i(x). What is h(9)?
-2
Let w(o) = -o**3 + 3*o**2 + 5*o - 1. Let d be w(4). Let b = 20 - 17. Let m(k) = 2*k + 2 + 5 + 0 - b. Calculate m(d).
10
Suppose 3*c = 0, -x + 0*c = -c + 18. Let a = -15 - x. Let j(n) = a + 1 - 5*n**2 + 0*n**3 - n**3 + 8*n. Determine j(-6).
-8
Let p(j) = -10*j**3 - j**2 - j + 1. Suppose 0 = 2*k + 5*d + 13, -k - 7 = 4*k + 4*d. Calculate p(k).
-11
Let o(i) = 9*i + 1. Let t = 8 - 69. Let n = -62 - t. Give o(n).
-8
Let w(c) = -c**2 - 4*c - 15. Let t be (3 - 5) + 1 + -6. Determine w(t).
-36
Suppose -4*n - 3 + 11 = 0, -26 = -4*p - 3*n. Let k(l) = -4*l**3 + 0*l + p*l**3 + 3*l**3 + l. Calculate k(-1).
-5
Let h(m) = -3*m**3 + 2*m - 3*m**2 - 1054 + 2*m**2 + 1055. Determine h(-2).
17
Let s(n) = n - 9 + 0*n**2 - 2*n - n**2 + 3*n**3 - 2*n**3. Let r be (-1 + (3 - 2))*-1. Let h be (r - 0) + (-1 - -1). Give s(h).
-9
Let j be (-1 + 20/8)/((-3)/4). Let g(d) = -2*d**2 - 5*d - 2. Let x be g(j). Let r(u) = -5 + 0 + 2 + u**2 + u. What is r(x)?
-3
Suppose 903*c = 901*c + 3*p + 34, -p = 2*c - 10. Let r(x) = -2*x**2 + 2*x**2 + 9 + x**2 - 9*x. Determine r(c).
1
Let t(a) = 1284*a**2 - 639*a**2 + 12*a - 646*a**2. Calculate t(8).
32
Let g = 21 + -31. Let p = g + 11. Let r be 8/(-4) + -2 - p. Let k(n) = 2*n + 1. Calculate k(r).
-9
Let g(q) be the third derivative of q**4/24 - 10*q**3/3 + 49*q**2 + 5. Determine g(-17).
-37
Let m(q) be the third derivative of -q**5/60 - 17*q**4/24 - 7*q**3/3 - 5*q**2 - 11. Determine m(-15).
16
Let b = 6836 + -6837. Let n(f) be the second derivative of -1/6*f**3 + 1/2*f**2 + 0 + f. What is n(b)?
2
Suppose -2*i + 5*i = -4*m - 24, -2*i - 11 = m. Let u(k) be the second derivative of k**3/6 + k**2 + 19*k. Give u(m).
-1
Let i(g) be the first derivative of g**4 - 3*g**2/2 - g + 329. What is i(-1)?
-2
Let y(q) be the first derivative of -1 + 3/2*q**2 + 3*q. Give y(-4).
-9
Let y(f) be the second derivative of -f**3/3 - 5*f**2 + 11*f - 23. Determine y(-8).
6
Let k(q) = -q**3 + 10*q**2 + q - 6. Let x be (-102)/14 + (-8)/(-28). Let g(f) = -2*f**3 + 19*f**2 + 2*f - 11. Let d(r) = x*k(r) + 4*g(r). What is d(6)?
4
Let r(m) = -1 + 5 - 13 + 5 + 2*m. Determine r(5).
6
Let k(j) = 2*j**3 + 107 + 12*j**2 + 117 - 217 + 2*j. Determine k(-6).
-5
Let n be (-30)/14 + 3/21. Let a(r) be the first derivative of r**2 + 3*r - 1. Let i be a(n). Let j(z) = -4*z**2 - 2*z - 1. Determine j(i).
-3
Let n(g) = -13*g**2 - 14. Let l(x) = 24*x**2 + x + 27. Let w(z) = -6*l(z) - 11*n(z). What is w(-7)?
-15
Let k(a) be the first derivative of -a**4/4 - a**3 - 4*a + 2. Let t(z) = -z**3 - 11*z**2 - 12*z - 23. Let n be t(-10). Calculate k(n).
-4
Let v(d) = -d + 13. Let f = 1428 + -1403. Give v(f).
-12
Let w(s) = -s**2 - 12*s - 5. Let u be w(-15). Let f be (-10)/u - 9/(-5). Let o(b) be the first derivative of -b**2/2 + 1. Calculate o(f).
-2
Let w(l) be the third derivative of l**6/720 + l**5/120 - l**4/12 - 2*l**2. Let t(x) be the second derivative of w(x). Suppose -h + 20 = 3*h. Give t(h).
6
Let s(k) = -6*k**3 + k**2 - 6*k - 1. Let y(h) = -h**3 - h**2 - 1. Let f(v) = s(v) - 5*y(v). Let w = 8 + 1. Suppose 0 = -2*d + w + 1. What is f(d)?
-1
Suppose 4*a + 15 = 5*o, -4*o = -a - 14 + 2. Suppose 0 = -o*t + 5*u - 19, -4*t - 2 = 3*u + 4. Let f be 5*12/20 + t. Let b(i) = i**2 + i + 4. Determine b(f).
4
Let h(y) = y**2 - 2*y - 6. Let f be h(5). Suppose -13*i = -f*i - 8. Let k(z) = -z**3 + 4*z**2 - 2*z. What is k(i)?
4
Let i(m) = -3*m + 10. Suppose 367 = 4*v + 335. Determine i(v).
-14
Let q = -131 + 118. Let f(g) = g**2 + 14*g + 17. Determine f(q).
4
Let y(a) be the third derivative of a**5/60 + a**4/8 + 7*a**3